highest common factor of u and 8?
8
Let h(b) = -13*b**2 - 6*b - 10. Let k be h(-4). Let a = 418 + k. What is the greatest common divisor of 28 and a?
28
Let y(d) be the second derivative of 179*d**4/6 + d**3/3 + d**2/2 + 2*d - 12. Let h be y(-1). What is the highest common divisor of h and 21?
21
Let d = -2503 + 2516. What is the highest common divisor of 13 and d?
13
Suppose 8*a - 4327 = 1609. Let y = a - 717. Calculate the highest common divisor of 475 and y.
25
Let z be (15*(-6)/(-15))/6. Let l be 25/(13 + -8) - (-5 - z). Let j(w) = -w**3 + 3*w**2 + 3*w + 5. Let q be j(4). What is the highest common divisor of q and l?
1
Let c(a) = -16*a**2 - 17*a - 61. Let x be c(-5). Let r = 484 + x. Let m be 0 + 25 - (1 + 0). Calculate the greatest common divisor of r and m.
12
Let v = 162 + -124. Let f = 83 - v. What is the greatest common factor of f and 105?
15
Suppose 4*l = -4*l + 3056. Let t = 396 - l. Calculate the greatest common factor of 112 and t.
14
Let v be (1180/531)/(1/9) - 1*2. What is the greatest common factor of v and 15?
3
Let g(v) = -2*v - 22. Let y be g(-11). Suppose y = 8*u - 10*u + 6. Suppose -u*k + 0*k + 6 = 0. Calculate the greatest common divisor of k and 10.
2
Let g be ((-49)/((-6125)/(-75)))/((-1)/2180). Calculate the highest common divisor of g and 216.
12
Suppose 11*p - 1343 + 463 = 0. Let o(k) = 13*k + 373. Let f be o(39). What is the greatest common divisor of p and f?
80
Let x(a) = 40*a - 1. Suppose 7*l = -l - 616. Let v = -74 - l. Let m be x(v). What is the highest common divisor of 17 and m?
17
Let t(o) = 42*o + 945. Let f be t(-21). Suppose -u + 2 = 0, 4*j - 2*u = 409 - 77. Calculate the highest common divisor of f and j.
21
Let c = 6522 - 6231. Calculate the greatest common divisor of c and 4559.
97
Let x = -26259 - -26321. What is the highest common factor of 106 and x?
2
Let p be ((-580)/4)/((-5)/10). Let z = -240 + p. Calculate the greatest common factor of z and 20.
10
Suppose 0 = t + 4*t - 150. Suppose 548*s - 5850 = 223*s. Calculate the greatest common factor of t and s.
6
Let s be (-20)/(-14)*(-28)/(-2). Let i be (180/14)/(4/28 + 0). Let c be 4308/i + 2 + 4/30. What is the highest common factor of s and c?
10
Suppose -44*f + 25 = -39*f. Suppose -7*i + 1163 = -f*i + o, -2*i = 4*o - 1154. What is the highest common factor of i and 11?
11
Let d be (-1550)/(-93) - (-2 + -1) - 24/36. Calculate the greatest common divisor of d and 437.
19
Let w be (234/(-143))/3 + (-54616)/(-22). What is the greatest common divisor of 292 and w?
146
Suppose -4*a + 120 = -0*a. Suppose 153 - 1128 = -5*h. Let k = h - a. Calculate the greatest common divisor of k and 66.
33
Suppose -9*t + 5*t = -224. Suppose 0*a - 8*a + t = 0. Suppose z + 2*f + 0 = 61, -2*f - 2 = 0. What is the greatest common divisor of z and a?
7
Let a = -1958 - -2157. What is the greatest common factor of a and 1?
1
Suppose -w + 52 = 4*l, -5*w + 6*l - 10*l + 228 = 0. Calculate the highest common factor of w and 352.
44
Let j be (2 - 3) + 6 + (1 - -2)/1. What is the highest common factor of j and 1884?
4
Let a be ((-4)/40*-104)/(2/75). Let n = a - 342. Calculate the greatest common divisor of 168 and n.
24
Let a(y) = -y**3 - 6*y**2 - 3*y + 12. Let n be a(-6). Suppose -3*k + n = -3. Suppose 29 = k*h - 37. What is the greatest common factor of h and 4?
2
Let l be (-668)/(-2)*(-55)/(-110). Let h = 197 - l. Let m = 68 - 44. What is the highest common factor of m and h?
6
Let i be (-42)/98*(-36 - -29). What is the highest common factor of 8013 and i?
3
Suppose -35*r - 6006 = -113*r. What is the highest common divisor of 198 and r?
11
Let y = 1 + 35. Let u = y + -22. Suppose 18*v - 56 = u*v. Calculate the greatest common divisor of v and 126.
14
Suppose -6*h + 2*x = -11*h + 37, 5*h - 38 = -3*x. Let j(u) = -3*u + 2*u + 12 + 11. Let s be j(h). Calculate the highest common factor of 48 and s.
16
Suppose 2*q + 4 = -81*r + 83*r, 0 = 2*r + q - 22. Let z = 135 + -31. What is the greatest common divisor of r and z?
8
Suppose -9*v = 3*v - 60. Let l be (4/(-3))/((-8)/60). Let s be 26/13*l/4. Calculate the highest common divisor of s and v.
5
Let t be 8/2 - (5 - -54). Let x = t + 60. Suppose 3*i = n + 80, -5*i + 6*i - 32 = -x*n. Calculate the highest common divisor of 3 and i.
3
Let c be (-11)/(-77)*-7 - (-2712)/3. Calculate the highest common divisor of 84 and c.
21
Let k be (-4)/((-4)/(-416)*-4). Suppose -11 = 4*v - 43. Calculate the highest common divisor of k and v.
8
Suppose -2*k - 28272 = -28404. Calculate the greatest common factor of 1815 and k.
33
Suppose -102 + 498 = 2*h. Suppose -19*s + 273 = 729. Let a(b) = 16*b + 402. Let z be a(s). Calculate the highest common divisor of h and z.
18
Let y be 3 - (-1 - 1)*2. Suppose -11 = 2*b + y. Let s be (-2)/b - (-7)/9. Calculate the greatest common factor of s and 3.
1
Suppose -3*l + v = -1296, 13*l = 12*l - 2*v + 432. Suppose -l - 10068 = -6*s. Calculate the greatest common factor of 70 and s.
70
Let v(t) = t**3 + 39*t**2 + 21*t - 778. Let p be v(-26). What is the highest common factor of p and 12?
12
Let t(p) be the third derivative of p**4/6 - 7*p**3/3 + 2*p**2 - 6*p. Let x be t(23). Calculate the highest common divisor of x and 18.
6
Let z(b) = 10*b - 133. Let o be z(12). Let j(d) = d**3 + 12*d**2 - 15*d + 2. Let p be j(o). What is the greatest common divisor of p and 224?
28
Suppose -5*j + 132 = 32. Suppose -224*a = -78*a + 95*a - 154240. Calculate the highest common factor of a and j.
20
Let j = -1809 + 1897. What is the highest common divisor of j and 136?
8
Let m be (-1 + 73/(-3))*(-528)/704. Suppose -m*n + 9 = -16*n. What is the highest common factor of 192 and n?
3
Suppose 4*x + 192 = 308. Let v = -4 + x. Calculate the greatest common divisor of 45 and v.
5
Suppose 5*z = 15, 3881 - 14537 = -5*y - 2*z. What is the greatest common divisor of y and 20?
10
Let k be (16 - 35431/(-66)) + 2*3/36. Calculate the greatest common divisor of 3 and k.
1
Let j(b) = 3*b - 48. Let f be j(15). Let i be 20/30 + (-217)/f. Calculate the greatest common divisor of i and 511.
73
Let b = 1691 + -941. What is the greatest common divisor of b and 6?
6
Let a(i) = -3*i**3 - 70*i**2 - 18*i + 123. Let j be a(-23). Calculate the highest common divisor of 8392 and j.
8
Suppose 0 = -205*q + 141*q + 14400. Calculate the highest common factor of q and 625.
25
Suppose 0 = -60*h + 54*h - 12. Let y be h/(4/(-37)) - 3/2. Suppose 0*x - 5*c = -2*x + 287, -5*x = -c - 683. Calculate the highest common factor of x and y.
17
Let c be 4/6 + (-2)/(-6). Suppose 5*f + 78 = 38. Let n(j) = -j**2 - 12*j - 27. Let g be n(f). Calculate the highest common divisor of g and c.
1
Suppose -3*n + 3*u = -15, -3*n = -4*n - 5*u - 13. Suppose -n*c + 3*o + 88 = 7*o, 0 = -2*o - 8. What is the greatest common factor of c and 572?
52
Let r = 27304 - 25080. Calculate the highest common factor of r and 973.
139
Let s be 10/(-3) - -2 - (-26)/6. Suppose -29 - 129 = -5*q - 4*r, s*r = -5*q + 156. Calculate the highest common factor of q and 6.
6
Let s(i) = 96*i - 2613. Let l be s(28). What is the greatest common divisor of 7185 and l?
15
Suppose -6523 = -82*p - 127. Calculate the highest common factor of p and 438.
6
Let p be (2 + 22/(-9))*(-27)/6. Let d be p + -8*-1*3/6. Let s be (-2 - 0)/(d/(-27)). Calculate the greatest common factor of s and 1.
1
Suppose -73*p + 61*p + 480 = 0. Suppose -6*z = -3*z - 1728. Suppose c + 281 = a, z = -4*a + 5*c + 1701. Calculate the greatest common divisor of p and a.
40
Let r be (1/3)/(4*6/720). Suppose -18*d - 88 = -4*m - 20*d, r = 5*d. What is the highest common divisor of 21 and m?
21
Let r be (-6 - 96/15)/(3*5/(-2100)). What is the highest common divisor of r and 504?
56
Let m(q) = q**3 + 41*q**2 - 123*q - 4828. Let n be m(-41). Calculate the greatest common factor of n and 35.
5
Let a = -17726 + 17811. Calculate the greatest common divisor of 4539 and a.
17
Suppose 40*y - 7111 - 6569 = 0. Calculate the highest common divisor of y and 2318.
38
Let s = -100 - -151. Suppose -2*d + 67 = -0*d - 3*n, -2*d + 4*n + 62 = 0. Let j = 75 - d. Calculate the greatest common factor of s and j.
17
Let c be 34 + 5 - -8 - -9. Let q(i) = -i**3 + 7*i**2 - 3*i + 7. Let y be q(5). Calculate the greatest common factor of c and y.
14
Suppose -2*i = -3*i + 76. Let d(n) = n**3 +